s the thousands digit of 3100?
3
What is the hundreds digit of 9919?
9
What is the hundreds digit of 28566?
5
What is the units digit of 6053?
3
What is the ten thousands digit of 16314?
1
What is the hundreds digit of 36027?
0
What is the thousands digit of 9452?
9
What is the units digit of 821?
1
What is the units digit of 169?
9
What is the ten thousands digit of 25191?
2
What is the units digit of 91031?
1
What is the units digit of 1936?
6
What is the thousands digit of 3113?
3
What is the hundreds digit of 1459?
4
What is the units digit of 998?
8
What is the hundreds digit of 121?
1
What is the units digit of 124382?
2
What is the units digit of 56687?
7
What is the thousands digit of 31760?
1
What is the thousands digit of 8718?
8
What is the units digit of 19213?
3
What is the units digit of 59811?
1
What is the hundreds digit of 2647?
6
What is the units digit of 430?
0
What is the thousands digit of 3930?
3
What is the tens digit of 3259?
5
What is the hundreds digit of 12346?
3
What is the tens digit of 1802?
0
What is the tens digit of 125841?
4
What is the units digit of 9358?
8
What is the thousands digit of 2798?
2
What is the hundreds digit of 1078?
0
What is the thousands digit of 11946?
1
What is the units digit of 3194?
4
What is the units digit of 151?
1
What is the thousands digit of 98078?
8
What is the ten thousands digit of 14013?
1
What is the units digit of 81?
1
What is the ten thousands digit of 21571?
2
What is the units digit of 4881?
1
What is the units digit of 853?
3
What is the thousands digit of 1433?
1
What is the thousands digit of 74012?
4
What is the ten thousands digit of 14863?
1
What is the thousands digit of 7457?
7
What is the units digit of 5252?
2
What is the hundreds digit of 2289?
2
What is the tens digit of 2410?
1
What is the thousands digit of 57660?
7
What is the hundreds digit of 28317?
3
What is the hundreds digit of 6863?
8
What is the ten thousands digit of 91236?
9
What is the hundreds digit of 802?
8
What is the thousands digit of 9027?
9
What is the units digit of 59877?
7
What is the tens digit of 74797?
9
What is the thousands digit of 5455?
5
What is the thousands digit of 48382?
8
What is the units digit of 771?
1
What is the tens digit of 3743?
4
What is the units digit of 8458?
8
What is the thousands digit of 58220?
8
What is the units digit of 274?
4
What is the hundreds digit of 687?
6
What is the ten thousands digit of 11751?
1
What is the hundreds digit of 957?
9
What is the ten thousands digit of 42312?
4
What is the thousands digit of 1735?
1
What is the hundreds digit of 24153?
1
What is the thousands digit of 8820?
8
What is the hundreds digit of 47938?
9
What is the tens digit of 10912?
1
What is the units digit of 669?
9
What is the hundreds digit of 30805?
8
What is the hundred thousands digit of 102374?
1
What is the thousands digit of 10132?
0
What is the thousands digit of 2823?
2
What is the tens digit of 27704?
0
What is the units digit of 2678?
8
What is the thousands digit of 5304?
5
What is the tens digit of 210?
1
What is the units digit of 60605?
5
What is the tens digit of 87023?
2
What is the tens digit of 145921?
2
What is the ten thousands digit of 11831?
1
What is the thousands digit of 23365?
3
What is the units digit of 3753?
3
What is the thousands digit of 42870?
2
What is the units digit of 59?
9
What is the hundreds digit of 77359?
3
What is the hundreds digit of 635?
6
What is the hundreds digit of 4024?
0
What is the units digit of 59694?
4
What is the hundreds digit of 5182?
1
What is the tens digit of 39853?
5
What is the ten thousands digit of 13736?
1
What is the thousands digit of 11504?
1
What is the thousands digit of 19842?
9
What is the hundreds digit of 8628?
6
What is the hundreds digit of 45130?
1
What is the tens digit of 118?
1
What is the units digit of 85111?
1
What is the tens digit of 4840?
4
What is the hundreds digit of 265?
2
What is the units digit of 3699?
9
What is the tens digit of 8519?
1
What is the hundreds digit of 240?
2
What is the units digit of 7903?
3
What is the tens digit of 519?
1
What is the thousands digit of 1266?
1
What is the units digit of 27570?
0
What is the tens digit of 9930?
3
What is the tens digit of 5232?
3
What is the hundreds digit of 5443?
4
What is the tens digit of 51?
5
What is the hundreds digit of 93093?
0
What is the tens digit of 3674?
7
What is the thousands digit of 39773?
9
What is the thousands digit of 54256?
4
What is the tens digit of 5893?
9
What is the thousands digit of 2910?
2
What is the hundreds digit of 875?
8
What is the hundreds digit of 12701?
7
What is the units digit of 21689?
9
What is the tens digit of 895?
9
What is the tens digit of 1727?
2
What is the tens digit of 1966?
6
What is the thousands digit of 3099?
3
What is the units digit of 12677?
7
What is the tens digit of 5432?
3
What is the units digit of 7752?
2
What is the ten thousands digit of 42067?
4
What is the tens digit of 961?
6
What is the hundreds digit of 146?
1
What is the ten thousands digit of 21755?
2
What is the units digit of 2299?
9
What is the thousands digit of 86252?
6
What is the hundreds digit of 76758?
7
What is the units digit of 2741?
1
What is the hundreds digit of 36196?
1
What is the units digit of 155?
5
What is the thousands digit of 9016?
9
What is the units digit of 83?
3
What is the thousands digit of 10297?
0
What is the units digit of 2455?
5
What is the ten thousands digit of 32736?
3
What is the tens digit of 1033?
3
What is the hundreds digit of 144?
1
What is the thousands digit of 31822?
1
What is the units digit of 637?
7
What is the units digit of 564?
4
What is the units digit of 17023?
3
What is the units digit of 1242?
2
What is the thousands digit of 6425?
6
What is the thousands digit of 1548?
1
What is the hundreds digit of 858?
8
What is the thousands digit of 98387?
8
What is the tens digit of 37668?
6
What is the hundreds digit of 1998?
9
What is the thousands digit of 7018?
7
What is the thousands digit of 2142?
2
What is the hundreds digit of 5275?
2
What is the hundreds digit of 5972?
9
What is the units digit of 2870?
0
What is the hundreds digit of 7671?
6
What is the tens digit of 146029?
2
What is the tens digit of 86?
8
What is the tens digit of 850?
5
What is the thousands digit of 16092?
6
What is the units digit of 2429?
9
What is the units digit of 6366?
6
What is the tens digit of 2025?
2
What is the tens digit of 36624?
2
What is the tens digit of 43378?
7
What is the units digit of 13409?
9
What is the thousands digit of 2072?
2
What is the units digit of 815?
5
What is the hundreds digit of 11914?
9
What is the units digit of 10088?
8
What is the units digit of 72?
2
What is the tens digit of 116615?
1
What is the units digit of 2373?
3
What is the units digit of 29612?
2
What is the tens digit of 3523?
2
What is the thousands digit of 1292?
1
What is the hundreds digit of 838?
8
What is the thousands digit of 3219?
3
What is the tens digit of 8624?
2
What is the units digit of 6820?
0
What is the thousands digit of 11094?
1
What is the thousands digit of 1960?
1
What is the units digit of 5709?
9
What is the units digit of 3202?
2
What is the thousands digit of 67205?
7
What is the hundreds digit of 893?
8
What is the units digit of 20958?
8
What is the tens digit of 36583?
8
What is the hundreds digit of 5768?
7
What is the units digit of 3085?
5
What is the units digit of 1289?
9
What is the hundreds digit of 3160?
1
What is the tens digit of 3527?
2
What is the thousands digit of 2142?
2
What is the tens digit of 3994?
9
What is the thousands digit of 5059?
5
What is the thousands digit of 8527?
8
What is the hundreds digit of 853?
8
What is the units digit of 5096?
6
What is the units digit of 73592?
2
What is the hundreds digit of 4930?
9
What is the tens digit of 241?
4
What is the hundreds digit of 320?
3
What is the thousands digit of 54992?
4
What is the hundreds digit of 423?
4
What is the tens digit of 5902?
0
What is the hundreds digit of 26911?
9
What is the hundreds digit of 141?
1
What is the units digit of 33769?
9
What is the thousands digit of 9908?
9
What is the hundreds digit of 21523?
5
What is the hundreds digit 